[INFO] cloning repository https://github.com/generalelectrix/piston-tutorial
[INFO] running `Command { std: "git" "-c" "credential.helper=" "-c" "credential.helper=/workspace/cargo-home/bin/git-credential-null" "clone" "--bare" "https://github.com/generalelectrix/piston-tutorial" "/workspace/cache/git-repos/https%3A%2F%2Fgithub.com%2Fgeneralelectrix%2Fpiston-tutorial", kill_on_drop: false }`
[INFO] [stderr] Cloning into bare repository '/workspace/cache/git-repos/https%3A%2F%2Fgithub.com%2Fgeneralelectrix%2Fpiston-tutorial'...
[INFO] running `Command { std: "git" "rev-parse" "HEAD", kill_on_drop: false }`
[INFO] [stdout] 1edd802308e988309a8563a8970f0c3f2bd25d8c
[INFO] checking generalelectrix/piston-tutorial against master#af3c6e733a40e671550e0f0f5aeecaa13772ba56 for pr-74989
[INFO] running `Command { std: "git" "clone" "/workspace/cache/git-repos/https%3A%2F%2Fgithub.com%2Fgeneralelectrix%2Fpiston-tutorial" "/workspace/builds/worker-2/source", kill_on_drop: false }`
[INFO] [stderr] Cloning into '/workspace/builds/worker-2/source'...
[INFO] [stderr] done.
[INFO] validating manifest of git repo https://github.com/generalelectrix/piston-tutorial on toolchain af3c6e733a40e671550e0f0f5aeecaa13772ba56
[INFO] running `Command { std: "/workspace/cargo-home/bin/cargo" "+af3c6e733a40e671550e0f0f5aeecaa13772ba56" "read-manifest" "--manifest-path" "Cargo.toml", kill_on_drop: false }`
[INFO] started tweaking git repo https://github.com/generalelectrix/piston-tutorial
[INFO] finished tweaking git repo https://github.com/generalelectrix/piston-tutorial
[INFO] tweaked toml for git repo https://github.com/generalelectrix/piston-tutorial written to /workspace/builds/worker-2/source/Cargo.toml
[INFO] crate git repo https://github.com/generalelectrix/piston-tutorial already has a lockfile, it will not be regenerated
[INFO] running `Command { std: "/workspace/cargo-home/bin/cargo" "+af3c6e733a40e671550e0f0f5aeecaa13772ba56" "fetch" "--locked" "--manifest-path" "Cargo.toml", kill_on_drop: false }`
[INFO] [stderr]     Blocking waiting for file lock on package cache
[INFO] [stderr] error: the lock file /workspace/builds/worker-2/source/Cargo.lock needs to be updated but --locked was passed to prevent this
[INFO] [stderr] If you want to try to generate the lock file without accessing the network, use the --offline flag.
[INFO] the lockfile is outdated, regenerating it
[INFO] running `Command { std: "/workspace/cargo-home/bin/cargo" "+af3c6e733a40e671550e0f0f5aeecaa13772ba56" "generate-lockfile" "--manifest-path" "Cargo.toml" "-Zno-index-update", kill_on_drop: false }`
[INFO] [stderr]     Blocking waiting for file lock on package cache
[INFO] [stderr]     Updating git repository `https://github.com/PistonDevelopers/sdl2_window`
[INFO] running `Command { std: "/workspace/cargo-home/bin/cargo" "+af3c6e733a40e671550e0f0f5aeecaa13772ba56" "fetch" "--locked" "--manifest-path" "Cargo.toml", kill_on_drop: false }`
[INFO] [stderr]     Blocking waiting for file lock on package cache
[INFO] running `Command { std: "docker" "create" "-v" "/var/lib/crater-agent-workspace/builds/worker-2/target:/opt/rustwide/target:rw,Z" "-v" "/var/lib/crater-agent-workspace/builds/worker-2/source:/opt/rustwide/workdir:ro,Z" "-v" "/var/lib/crater-agent-workspace/cargo-home:/opt/rustwide/cargo-home:ro,Z" "-v" "/var/lib/crater-agent-workspace/rustup-home:/opt/rustwide/rustup-home:ro,Z" "-e" "SOURCE_DIR=/opt/rustwide/workdir" "-e" "CARGO_TARGET_DIR=/opt/rustwide/target" "-e" "CARGO_HOME=/opt/rustwide/cargo-home" "-e" "RUSTUP_HOME=/opt/rustwide/rustup-home" "-w" "/opt/rustwide/workdir" "-m" "1610612736" "--user" "0:0" "--network" "none" "rustops/crates-build-env@sha256:d92eaeed33fa75130ca1ee6c8a01d1ffb62bac859dfdfb3450e3e5d1c0146529" "/opt/rustwide/cargo-home/bin/cargo" "+af3c6e733a40e671550e0f0f5aeecaa13772ba56" "metadata" "--no-deps" "--format-version=1", kill_on_drop: false }`
[INFO] [stdout] ab05175d6879f9171c26d9af1138fc82054cb5990de55274ffb0c99e804ec28e
[INFO] [stderr] WARNING: Your kernel does not support swap limit capabilities or the cgroup is not mounted. Memory limited without swap.
[INFO] running `Command { std: "docker" "start" "-a" "ab05175d6879f9171c26d9af1138fc82054cb5990de55274ffb0c99e804ec28e", kill_on_drop: false }`
[INFO] running `Command { std: "docker" "inspect" "ab05175d6879f9171c26d9af1138fc82054cb5990de55274ffb0c99e804ec28e", kill_on_drop: false }`
[INFO] running `Command { std: "docker" "rm" "-f" "ab05175d6879f9171c26d9af1138fc82054cb5990de55274ffb0c99e804ec28e", kill_on_drop: false }`
[INFO] [stdout] ab05175d6879f9171c26d9af1138fc82054cb5990de55274ffb0c99e804ec28e
[INFO] running `Command { std: "docker" "create" "-v" "/var/lib/crater-agent-workspace/builds/worker-2/target:/opt/rustwide/target:rw,Z" "-v" "/var/lib/crater-agent-workspace/builds/worker-2/source:/opt/rustwide/workdir:ro,Z" "-v" "/var/lib/crater-agent-workspace/cargo-home:/opt/rustwide/cargo-home:ro,Z" "-v" "/var/lib/crater-agent-workspace/rustup-home:/opt/rustwide/rustup-home:ro,Z" "-e" "SOURCE_DIR=/opt/rustwide/workdir" "-e" "CARGO_TARGET_DIR=/opt/rustwide/target" "-e" "CARGO_INCREMENTAL=0" "-e" "RUST_BACKTRACE=full" "-e" "RUSTFLAGS=--cap-lints=forbid" "-e" "CARGO_HOME=/opt/rustwide/cargo-home" "-e" "RUSTUP_HOME=/opt/rustwide/rustup-home" "-w" "/opt/rustwide/workdir" "-m" "1610612736" "--user" "0:0" "--network" "none" "rustops/crates-build-env@sha256:d92eaeed33fa75130ca1ee6c8a01d1ffb62bac859dfdfb3450e3e5d1c0146529" "/opt/rustwide/cargo-home/bin/cargo" "+af3c6e733a40e671550e0f0f5aeecaa13772ba56" "check" "--frozen" "--all" "--all-targets" "--message-format=json", kill_on_drop: false }`
[INFO] [stdout] 2f14adb84091f2d706e50bf904a64efcef293fb293f55316cc416a87c963126a
[INFO] [stderr] WARNING: Your kernel does not support swap limit capabilities or the cgroup is not mounted. Memory limited without swap.
[INFO] running `Command { std: "docker" "start" "-a" "2f14adb84091f2d706e50bf904a64efcef293fb293f55316cc416a87c963126a", kill_on_drop: false }`
[INFO] [stderr]    Compiling libc v0.2.77
[INFO] [stderr]    Compiling rand_core v0.4.2
[INFO] [stderr]    Compiling autocfg v0.1.7
[INFO] [stderr]    Compiling cfg-if v0.1.10
[INFO] [stderr]    Compiling log v0.4.11
[INFO] [stderr]     Checking bitflags v0.7.0
[INFO] [stderr]    Compiling pkg-config v0.3.18
[INFO] [stderr]    Compiling cc v1.0.59
[INFO] [stderr]     Checking rustc-serialize v0.3.24
[INFO] [stderr]    Compiling proc-macro2 v1.0.21
[INFO] [stderr]     Checking lazy_static v0.2.11
[INFO] [stderr]    Compiling khronos_api v2.2.0
[INFO] [stderr]     Checking scopeguard v1.1.0
[INFO] [stderr]    Compiling unicode-xid v0.2.1
[INFO] [stderr]    Compiling syn v1.0.40
[INFO] [stderr]    Compiling bitflags v0.9.1
[INFO] [stderr]    Compiling version-compare v0.0.10
[INFO] [stderr]    Compiling serde v1.0.116
[INFO] [stderr]    Compiling serde_derive v1.0.116
[INFO] [stderr]     Checking piston-float v1.0.0
[INFO] [stderr]     Checking lzw v0.10.0
[INFO] [stderr]     Checking piston-graphics_api_version v1.0.0
[INFO] [stderr]    Compiling sdl2 v0.34.3
[INFO] [stderr]     Checking color_quant v1.0.1
[INFO] [stderr]     Checking scoped_threadpool v0.1.9
[INFO] [stderr]     Checking fnv v1.0.7
[INFO] [stderr]    Compiling phf_shared v0.7.24
[INFO] [stderr]    Compiling num-integer v0.1.43
[INFO] [stderr]    Compiling xml-rs v0.6.1
[INFO] [stderr]     Checking piston-viewport v1.0.0
[INFO] [stderr]    Compiling rand_core v0.3.1
[INFO] [stderr]    Compiling rand_jitter v0.1.4
[INFO] [stderr]     Checking shader_version v0.7.0
[INFO] [stderr]     Checking gif v0.9.2
[INFO] [stderr]    Compiling bitflags v1.2.1
[INFO] [stderr]    Compiling sdl2-sys v0.34.3
[INFO] [stderr]     Checking crossbeam-utils v0.7.2
[INFO] [stderr]    Compiling phf v0.7.24
[INFO] [stderr]    Compiling xml-rs v0.7.0
[INFO] [stderr]    Compiling rand_hc v0.1.0
[INFO] [stderr]    Compiling rand_isaac v0.1.1
[INFO] [stderr]    Compiling rand_xorshift v0.1.1
[INFO] [stderr]    Compiling rand_pcg v0.1.2
[INFO] [stderr]    Compiling rand_chacha v0.1.1
[INFO] [stderr]    Compiling rand v0.6.5
[INFO] [stderr]    Compiling log v0.3.9
[INFO] [stderr]    Compiling gl_generator v0.10.0
[INFO] [stderr]     Checking crossbeam-epoch v0.8.2
[INFO] [stderr]     Checking crossbeam-channel v0.4.4
[INFO] [stderr]    Compiling gl_generator v0.5.5
[INFO] [stderr]    Compiling x11-dl v2.18.5
[INFO] [stderr]    Compiling freetype-sys v0.4.0
[INFO] [stderr]    Compiling quote v1.0.7
[INFO] [stderr]     Checking crossbeam-deque v0.7.3
[INFO] [stderr]     Checking num-iter v0.1.41
[INFO] [stderr]    Compiling gl_generator v0.6.1
[INFO] [stderr]     Checking rand v0.4.6
[INFO] [stderr]     Checking num_cpus v1.13.0
[INFO] [stderr]     Checking fs2 v0.2.5
[INFO] [stderr]     Checking shared_library v0.1.9
[INFO] [stderr]     Checking time v0.1.44
[INFO] [stderr]    Compiling rand_os v0.1.3
[INFO] [stderr]     Checking memmap v0.2.3
[INFO] [stderr]     Checking rayon-core v1.8.0
[INFO] [stderr]     Checking osmesa-sys v0.1.2
[INFO] [stderr]     Checking pistoncore-input v0.14.0
[INFO] [stderr]    Compiling gl v0.11.0
[INFO] [stderr]    Compiling libz-sys v1.1.2
[INFO] [stderr]    Compiling miniz-sys v0.1.12
[INFO] [stderr]     Checking rand v0.3.23
[INFO] [stderr]     Checking num-bigint v0.1.44
[INFO] [stderr]    Compiling glutin v0.6.2
[INFO] [stderr]     Checking tempfile v2.2.0
[INFO] [stderr]     Checking rayon v1.4.0
[INFO] [stderr]    Compiling gl v0.6.5
[INFO] [stderr]     Checking pistoncore-window v0.22.1
[INFO] [stderr]     Checking flate2 v0.2.20
[INFO] [stderr]     Checking freetype-rs v0.11.0
[INFO] [stderr]     Checking pistoncore-event_loop v0.25.1
[INFO] [stderr]    Compiling phf_generator v0.7.24
[INFO] [stderr]     Checking piston v0.25.1
[INFO] [stderr]    Compiling phf_codegen v0.7.24
[INFO] [stderr]     Checking num-rational v0.1.42
[INFO] [stderr]    Compiling target_build_utils v0.3.1
[INFO] [stderr]     Checking png v0.5.2
[INFO] [stderr]     Checking jpeg-decoder v0.1.20
[INFO] [stderr]     Checking image v0.10.4
[INFO] [stderr]     Checking piston2d-opengl_graphics v0.32.0
[INFO] [stderr]    Compiling libloading v0.3.4
[INFO] [stderr]     Checking dlib v0.3.1
[INFO] [stderr]     Checking wayland-sys v0.5.11
[INFO] [stderr]     Checking wayland-client v0.5.12
[INFO] [stderr]     Checking wayland-window v0.2.3
[INFO] [stderr]     Checking wayland-kbd v0.3.6
[INFO] [stderr]     Checking pistoncore-input v1.0.0
[INFO] [stderr]     Checking pistoncore-window v0.47.0
[INFO] [stderr]     Checking pistoncore-glutin_window v0.29.0
[INFO] [stderr]     Checking pistoncore-sdl2_window v0.66.0 (https://github.com/PistonDevelopers/sdl2_window#c55ac30e)
[INFO] [stderr]     Checking spinning-square v0.1.0 (/opt/rustwide/workdir)
[INFO] [stdout] warning: unnecessary parentheses around assigned value
[INFO] [stdout]   --> src/main.rs:52:33
[INFO] [stdout]    |
[INFO] [stdout] 52 |                     let start = ((seg as f64 * seg_width) + marquee);
[INFO] [stdout]    |                                 ^^^^^^^^^^^^^^^^^^^^^^^^^^^^^^^^^^^^ help: remove these parentheses
[INFO] [stdout]    |
[INFO] [stdout]    = note: `#[warn(unused_parens)]` on by default
[INFO] [stdout] 
[INFO] [stdout] 
[INFO] [stdout] warning: unnecessary parentheses around assigned value
[INFO] [stdout]   --> src/main.rs:52:33
[INFO] [stdout]    |
[INFO] [stdout] 52 |                     let start = ((seg as f64 * seg_width) + marquee);
[INFO] [stdout]    |                                 ^^^^^^^^^^^^^^^^^^^^^^^^^^^^^^^^^^^^ help: remove these parentheses
[INFO] [stdout]    |
[INFO] [stdout]    = note: `#[warn(unused_parens)]` on by default
[INFO] [stdout] 
[INFO] [stdout] 
[INFO] [stdout] error[E0277]: the trait bound `Sdl2Window: BuildFromWindowSettings` is not satisfied
[INFO] [stdout]   --> src/main.rs:81:10
[INFO] [stdout]    |
[INFO] [stdout] 81 |         .build()
[INFO] [stdout]    |          ^^^^^ the trait `BuildFromWindowSettings` is not implemented for `Sdl2Window`
[INFO] [stdout] 
[INFO] [stdout] 
[INFO] [stdout] error[E0599]: no method named `events` found for struct `Sdl2Window` in the current scope
[INFO] [stdout]   --> src/main.rs:91:29
[INFO] [stdout]    |
[INFO] [stdout] 91 |     let mut events = window.events();
[INFO] [stdout]    |                             ^^^^^^ method not found in `Sdl2Window`
[INFO] [stdout]    | 
[INFO] [stdout]   ::: /opt/rustwide/cargo-home/git/checkouts/sdl2_window-edad0cd615e4303b/c55ac30/src/lib.rs:40:1
[INFO] [stdout]    |
[INFO] [stdout] 40 | pub struct Sdl2Window {
[INFO] [stdout]    | ---------------------
[INFO] [stdout]    | |
[INFO] [stdout]    | doesn't satisfy `Sdl2Window: Window`
[INFO] [stdout]    | doesn't satisfy `Sdl2Window: piston::event_loop::Events`
[INFO] [stdout]    |
[INFO] [stdout]    = note: the method `events` exists but the following trait bounds were not satisfied:
[INFO] [stdout]            `Sdl2Window: Window`
[INFO] [stdout]            which is required by `Sdl2Window: piston::event_loop::Events`
[INFO] [stdout] 
[INFO] [stdout] 
[INFO] [stdout] warning: unused import: `piston::event_loop`
[INFO] [stdout]  --> src/main.rs:8:5
[INFO] [stdout]   |
[INFO] [stdout] 8 | use piston::event_loop::*;
[INFO] [stdout]   |     ^^^^^^^^^^^^^^^^^^
[INFO] [stdout]   |
[INFO] [stdout]   = note: `#[warn(unused_imports)]` on by default
[INFO] [stdout] 
[INFO] [stdout] 
[INFO] [stdout] error: aborting due to 2 previous errors; 2 warnings emitted
[INFO] [stdout] 
[INFO] [stdout] 
[INFO] [stdout] Some errors have detailed explanations: E0277, E0599.
[INFO] [stdout] 
[INFO] [stdout] For more information about an error, try `rustc --explain E0277`.
[INFO] [stdout] 
[INFO] [stderr] error: could not compile `spinning-square`.
[INFO] [stderr] 
[INFO] [stderr] To learn more, run the command again with --verbose.
[INFO] [stderr] warning: build failed, waiting for other jobs to finish...
[INFO] [stdout] error[E0277]: the trait bound `Sdl2Window: BuildFromWindowSettings` is not satisfied
[INFO] [stdout]   --> src/main.rs:81:10
[INFO] [stdout]    |
[INFO] [stdout] 81 |         .build()
[INFO] [stdout]    |          ^^^^^ the trait `BuildFromWindowSettings` is not implemented for `Sdl2Window`
[INFO] [stdout] 
[INFO] [stdout] 
[INFO] [stdout] error[E0599]: no method named `events` found for struct `Sdl2Window` in the current scope
[INFO] [stdout]   --> src/main.rs:91:29
[INFO] [stdout]    |
[INFO] [stdout] 91 |     let mut events = window.events();
[INFO] [stdout]    |                             ^^^^^^ method not found in `Sdl2Window`
[INFO] [stdout]    | 
[INFO] [stdout]   ::: /opt/rustwide/cargo-home/git/checkouts/sdl2_window-edad0cd615e4303b/c55ac30/src/lib.rs:40:1
[INFO] [stdout]    |
[INFO] [stdout] 40 | pub struct Sdl2Window {
[INFO] [stdout]    | ---------------------
[INFO] [stdout]    | |
[INFO] [stdout]    | doesn't satisfy `Sdl2Window: Window`
[INFO] [stdout]    | doesn't satisfy `Sdl2Window: piston::event_loop::Events`
[INFO] [stdout]    |
[INFO] [stdout]    = note: the method `events` exists but the following trait bounds were not satisfied:
[INFO] [stdout]            `Sdl2Window: Window`
[INFO] [stdout]            which is required by `Sdl2Window: piston::event_loop::Events`
[INFO] [stdout] 
[INFO] [stdout] 
[INFO] [stdout] warning: unused import: `piston::event_loop`
[INFO] [stdout]  --> src/main.rs:8:5
[INFO] [stdout]   |
[INFO] [stdout] 8 | use piston::event_loop::*;
[INFO] [stdout]   |     ^^^^^^^^^^^^^^^^^^
[INFO] [stdout]   |
[INFO] [stdout]   = note: `#[warn(unused_imports)]` on by default
[INFO] [stdout] 
[INFO] [stdout] 
[INFO] [stdout] error: aborting due to 2 previous errors; 2 warnings emitted
[INFO] [stdout] 
[INFO] [stdout] 
[INFO] [stdout] Some errors have detailed explanations: E0277, E0599.
[INFO] [stdout] 
[INFO] [stdout] For more information about an error, try `rustc --explain E0277`.
[INFO] [stdout] 
[INFO] [stderr] error: build failed
[INFO] running `Command { std: "docker" "inspect" "2f14adb84091f2d706e50bf904a64efcef293fb293f55316cc416a87c963126a", kill_on_drop: false }`
[INFO] running `Command { std: "docker" "rm" "-f" "2f14adb84091f2d706e50bf904a64efcef293fb293f55316cc416a87c963126a", kill_on_drop: false }`
[INFO] [stdout] 2f14adb84091f2d706e50bf904a64efcef293fb293f55316cc416a87c963126a
